{"id":118,"date":"2021-07-29T14:35:35","date_gmt":"2021-07-29T12:35:35","guid":{"rendered":"http:\/\/schuetzenverein-barver.de\/?page_id=118"},"modified":"2025-01-08T21:38:32","modified_gmt":"2025-01-08T20:38:32","slug":"damen","status":"publish","type":"page","link":"http:\/\/schuetzenverein-barver.de\/?page_id=118","title":{"rendered":"Damen"},"content":{"rendered":"<p><strong><u>Damen<\/u><\/strong><\/p>\n<p>Im Jahre 1973 wurde die Damenschie\u00dfgruppe des Sch\u00fctzenverein Barver gegr\u00fcndet. Zur Damenschie\u00dfgruppe z\u00e4hlen alle weiblichen Vereinsmitglieder, die das 25 Lebensjahr vollendet haben.<\/p>\n<p>Das \u00dcbungsschie\u00dfen findet jeden letzten Sonntag im Monat von 10:00 bis 12:00 Uhr statt.<\/p>\n<p>Am Sch\u00fctzenfest \u2013 Sonntag ermitteln die Damen ihre Sch\u00fctzenliesel.<\/p>\n<p>Ansprechpartnerin f\u00fcr die Damengruppe ist die 1. Damenwartin Anke Gehlker, Tel. 05448-569<\/p>\n","protected":false},"excerpt":{"rendered":"<p>Damen Im Jahre 1973 wurde die Damenschie\u00dfgruppe des Sch\u00fctzenverein Barver gegr\u00fcndet. Zur Damenschie\u00dfgruppe z\u00e4hlen alle weiblichen Vereinsmitglieder, die das 25 Lebensjahr vollendet haben. Das \u00dcbungsschie\u00dfen findet jeden letzten Sonntag im [&hellip;]<\/p>\n","protected":false},"author":1,"featured_media":0,"parent":0,"menu_order":0,"comment_status":"closed","ping_status":"closed","template":"","meta":{"footnotes":""},"class_list":["post-118","page","type-page","status-publish","hentry"],"_links":{"self":[{"href":"http:\/\/schuetzenverein-barver.de\/index.php?rest_route=\/wp\/v2\/pages\/118","targetHints":{"allow":["GET"]}}],"collection":[{"href":"http:\/\/schuetzenverein-barver.de\/index.php?rest_route=\/wp\/v2\/pages"}],"about":[{"href":"http:\/\/schuetzenverein-barver.de\/index.php?rest_route=\/wp\/v2\/types\/page"}],"author":[{"embeddable":true,"href":"http:\/\/schuetzenverein-barver.de\/index.php?rest_route=\/wp\/v2\/users\/1"}],"replies":[{"embeddable":true,"href":"http:\/\/schuetzenverein-barver.de\/index.php?rest_route=%2Fwp%2Fv2%2Fcomments&post=118"}],"version-history":[{"count":6,"href":"http:\/\/schuetzenverein-barver.de\/index.php?rest_route=\/wp\/v2\/pages\/118\/revisions"}],"predecessor-version":[{"id":1219,"href":"http:\/\/schuetzenverein-barver.de\/index.php?rest_route=\/wp\/v2\/pages\/118\/revisions\/1219"}],"wp:attachment":[{"href":"http:\/\/schuetzenverein-barver.de\/index.php?rest_route=%2Fwp%2Fv2%2Fmedia&parent=118"}],"curies":[{"name":"wp","href":"https:\/\/api.w.org\/{rel}","templated":true}]}}