{"id":148,"date":"2021-07-29T14:41:10","date_gmt":"2021-07-29T12:41:10","guid":{"rendered":"http:\/\/schuetzenverein-barver.de\/?page_id=148"},"modified":"2021-09-27T12:41:25","modified_gmt":"2021-09-27T10:41:25","slug":"schuetzenlied","status":"publish","type":"page","link":"http:\/\/schuetzenverein-barver.de\/?page_id=148","title":{"rendered":"Sch\u00fctzenlied"},"content":{"rendered":"\t\t<div data-elementor-type=\"wp-page\" data-elementor-id=\"148\" class=\"elementor elementor-148\">\n\t\t\t\t\t\t<section class=\"elementor-section elementor-top-section elementor-element elementor-element-2b9b293 elementor-section-boxed elementor-section-height-default elementor-section-height-default\" data-id=\"2b9b293\" data-element_type=\"section\" data-settings=\"{&quot;jet_parallax_layout_list&quot;:[{&quot;jet_parallax_layout_image&quot;:{&quot;url&quot;:&quot;&quot;,&quot;id&quot;:&quot;&quot;,&quot;size&quot;:&quot;&quot;},&quot;_id&quot;:&quot;c6959fb&quot;,&quot;jet_parallax_layout_image_tablet&quot;:{&quot;url&quot;:&quot;&quot;,&quot;id&quot;:&quot;&quot;,&quot;size&quot;:&quot;&quot;},&quot;jet_parallax_layout_image_mobile&quot;:{&quot;url&quot;:&quot;&quot;,&quot;id&quot;:&quot;&quot;,&quot;size&quot;:&quot;&quot;},&quot;jet_parallax_layout_speed&quot;:{&quot;unit&quot;:&quot;%&quot;,&quot;size&quot;:50,&quot;sizes&quot;:[]},&quot;jet_parallax_layout_type&quot;:&quot;scroll&quot;,&quot;jet_parallax_layout_direction&quot;:null,&quot;jet_parallax_layout_fx_direction&quot;:null,&quot;jet_parallax_layout_z_index&quot;:&quot;&quot;,&quot;jet_parallax_layout_bg_x&quot;:50,&quot;jet_parallax_layout_bg_x_tablet&quot;:&quot;&quot;,&quot;jet_parallax_layout_bg_x_mobile&quot;:&quot;&quot;,&quot;jet_parallax_layout_bg_y&quot;:50,&quot;jet_parallax_layout_bg_y_tablet&quot;:&quot;&quot;,&quot;jet_parallax_layout_bg_y_mobile&quot;:&quot;&quot;,&quot;jet_parallax_layout_bg_size&quot;:&quot;auto&quot;,&quot;jet_parallax_layout_bg_size_tablet&quot;:&quot;&quot;,&quot;jet_parallax_layout_bg_size_mobile&quot;:&quot;&quot;,&quot;jet_parallax_layout_animation_prop&quot;:&quot;transform&quot;,&quot;jet_parallax_layout_on&quot;:[&quot;desktop&quot;,&quot;tablet&quot;]}]}\">\n\t\t\t\t\t\t<div class=\"elementor-container elementor-column-gap-default\">\n\t\t\t\t\t<div class=\"elementor-column elementor-col-100 elementor-top-column elementor-element elementor-element-35cddc4\" data-id=\"35cddc4\" data-element_type=\"column\">\n\t\t\t<div class=\"elementor-widget-wrap elementor-element-populated\">\n\t\t\t\t\t\t<div class=\"elementor-element elementor-element-91a81a3 elementor-widget elementor-widget-heading\" data-id=\"91a81a3\" data-element_type=\"widget\" data-widget_type=\"heading.default\">\n\t\t\t\t<div class=\"elementor-widget-container\">\n\t\t\t\t\t<h2 class=\"elementor-heading-title elementor-size-default\">Lied der Barver Sch\u00fctzen<\/h2>\t\t\t\t<\/div>\n\t\t\t\t<\/div>\n\t\t\t\t\t<\/div>\n\t\t<\/div>\n\t\t\t\t\t<\/div>\n\t\t<\/section>\n\t\t\t\t<section class=\"elementor-section elementor-top-section elementor-element elementor-element-3bc08ad elementor-section-boxed elementor-section-height-default elementor-section-height-default\" data-id=\"3bc08ad\" data-element_type=\"section\" data-settings=\"{&quot;jet_parallax_layout_list&quot;:[{&quot;jet_parallax_layout_image&quot;:{&quot;url&quot;:&quot;&quot;,&quot;id&quot;:&quot;&quot;,&quot;size&quot;:&quot;&quot;},&quot;_id&quot;:&quot;4084f4b&quot;,&quot;jet_parallax_layout_image_tablet&quot;:{&quot;url&quot;:&quot;&quot;,&quot;id&quot;:&quot;&quot;,&quot;size&quot;:&quot;&quot;},&quot;jet_parallax_layout_image_mobile&quot;:{&quot;url&quot;:&quot;&quot;,&quot;id&quot;:&quot;&quot;,&quot;size&quot;:&quot;&quot;},&quot;jet_parallax_layout_speed&quot;:{&quot;unit&quot;:&quot;%&quot;,&quot;size&quot;:50,&quot;sizes&quot;:[]},&quot;jet_parallax_layout_type&quot;:&quot;scroll&quot;,&quot;jet_parallax_layout_direction&quot;:null,&quot;jet_parallax_layout_fx_direction&quot;:null,&quot;jet_parallax_layout_z_index&quot;:&quot;&quot;,&quot;jet_parallax_layout_bg_x&quot;:50,&quot;jet_parallax_layout_bg_x_tablet&quot;:&quot;&quot;,&quot;jet_parallax_layout_bg_x_mobile&quot;:&quot;&quot;,&quot;jet_parallax_layout_bg_y&quot;:50,&quot;jet_parallax_layout_bg_y_tablet&quot;:&quot;&quot;,&quot;jet_parallax_layout_bg_y_mobile&quot;:&quot;&quot;,&quot;jet_parallax_layout_bg_size&quot;:&quot;auto&quot;,&quot;jet_parallax_layout_bg_size_tablet&quot;:&quot;&quot;,&quot;jet_parallax_layout_bg_size_mobile&quot;:&quot;&quot;,&quot;jet_parallax_layout_animation_prop&quot;:&quot;transform&quot;,&quot;jet_parallax_layout_on&quot;:[&quot;desktop&quot;,&quot;tablet&quot;]}]}\">\n\t\t\t\t\t\t<div class=\"elementor-container elementor-column-gap-default\">\n\t\t\t\t\t<div class=\"elementor-column elementor-col-100 elementor-top-column elementor-element elementor-element-9f15b8b\" data-id=\"9f15b8b\" data-element_type=\"column\">\n\t\t\t<div class=\"elementor-widget-wrap elementor-element-populated\">\n\t\t\t\t\t\t<div class=\"elementor-element elementor-element-c4845e8 elementor-widget elementor-widget-text-editor\" data-id=\"c4845e8\" data-element_type=\"widget\" data-widget_type=\"text-editor.default\">\n\t\t\t\t<div class=\"elementor-widget-container\">\n\t\t\t\t\t\t\t\t\t<ol>\n<li>Gr\u00fcner Rock und schwarze Hosen<\/li>\n<\/ol>\n<p>&nbsp;&nbsp;&nbsp; sind der Barver Sch\u00fctzen \u2013 Kleid<\/p>\n<p>&nbsp;&nbsp;&nbsp; | : Rote Nelken, rote Rosen<\/p>\n<p>&nbsp;&nbsp;&nbsp; schm\u00fcckt die Barver Sch\u00fctzenmaid! : |<\/p>\n<ol start=\"2\">\n<li>In dem sch\u00f6nen Monat Maien<\/li>\n<\/ol>\n<p>&nbsp;&nbsp;&nbsp; feiern wir das Sch\u00fctzenfest.<\/p>\n<p>&nbsp;&nbsp;&nbsp; | : Langen Zuge, je zu dreien,<\/p>\n<p>&nbsp;&nbsp;&nbsp; laut sie Stimm\u2018 erschallen l\u00e4sst! : |<\/p>\n<ol start=\"3\">\n<li>Hart wird um den Preis gerungen<\/li>\n<\/ol>\n<p>&nbsp;&nbsp;&nbsp; Anschlag sitzend und im steh\u2019n.<\/p>\n<p>&nbsp;&nbsp;&nbsp; | : Doch noch keinem sind gelungen<\/p>\n<p>&nbsp;&nbsp;&nbsp; 50 Ring sind 5 x 10! : |<\/p>\n<ol start=\"4\">\n<li>Die Musike spielt zum Tanze,<\/li>\n<\/ol>\n<p>&nbsp;&nbsp;&nbsp; froh bewegt sich alt und jung.<\/p>\n<p>&nbsp;&nbsp;&nbsp; | : Alles strahlt im Festesglanze<\/p>\n<p>&nbsp;&nbsp;&nbsp; und der Wirt l\u00e4d ein zum Trunk! : |<\/p>\n<ol start=\"5\">\n<li>Bier und Wein her, nicht zu wenig,<\/li>\n<\/ol>\n<p>&nbsp;&nbsp;&nbsp; Wirtin schenke du uns ein.<\/p>\n<p>&nbsp;&nbsp;&nbsp; | : Hoch die Gl\u00e4ser, hoch der K\u00f6nig,<\/p>\n<p>&nbsp;&nbsp;&nbsp; Lebe hoch der Sch\u00fctzenverein! : |<\/p>\n<ol start=\"6\">\n<li>100 Jahre sind vergangen,<\/li>\n<\/ol>\n<p>&nbsp;&nbsp;&nbsp; Zeiten froh und Zeiten schwer.<\/p>\n<p>&nbsp;&nbsp;&nbsp; | : Sch\u00fctzen frohe Lieder sangen,<\/p>\n<p>&nbsp;&nbsp;&nbsp; doch die Trauer ist nicht mehr. : |<\/p>\n<ol start=\"7\">\n<li>Diese Eintracht, diese Sch\u00f6ne,<\/li>\n<\/ol>\n<p>&nbsp;&nbsp;&nbsp; gebe Gott es m\u00f6ge sein,<\/p>\n<p>&nbsp;&nbsp;&nbsp; | : \u00dcber allen Festtagst\u00f6nen<\/p>\n<p>&nbsp;&nbsp;&nbsp; bleibe stolz unser Verein! : |<\/p>\n<p><\/p>\t\t\t\t\t\t\t\t<\/div>\n\t\t\t\t<\/div>\n\t\t\t\t\t<\/div>\n\t\t<\/div>\n\t\t\t\t\t<\/div>\n\t\t<\/section>\n\t\t\t\t<\/div>\n\t\t","protected":false},"excerpt":{"rendered":"<p>Lied der Barver Sch\u00fctzen Gr\u00fcner Rock und schwarze Hosen &nbsp;&nbsp;&nbsp; sind der Barver Sch\u00fctzen \u2013 Kleid &nbsp;&nbsp;&nbsp; | : Rote Nelken, rote Rosen &nbsp;&nbsp;&nbsp; schm\u00fcckt die Barver Sch\u00fctzenmaid! : | [&hellip;]<\/p>\n","protected":false},"author":1,"featured_media":0,"parent":0,"menu_order":0,"comment_status":"closed","ping_status":"closed","template":"","meta":{"footnotes":""},"class_list":["post-148","page","type-page","status-publish","hentry"],"_links":{"self":[{"href":"http:\/\/schuetzenverein-barver.de\/index.php?rest_route=\/wp\/v2\/pages\/148","targetHints":{"allow":["GET"]}}],"collection":[{"href":"http:\/\/schuetzenverein-barver.de\/index.php?rest_route=\/wp\/v2\/pages"}],"about":[{"href":"http:\/\/schuetzenverein-barver.de\/index.php?rest_route=\/wp\/v2\/types\/page"}],"author":[{"embeddable":true,"href":"http:\/\/schuetzenverein-barver.de\/index.php?rest_route=\/wp\/v2\/users\/1"}],"replies":[{"embeddable":true,"href":"http:\/\/schuetzenverein-barver.de\/index.php?rest_route=%2Fwp%2Fv2%2Fcomments&post=148"}],"version-history":[{"count":7,"href":"http:\/\/schuetzenverein-barver.de\/index.php?rest_route=\/wp\/v2\/pages\/148\/revisions"}],"predecessor-version":[{"id":777,"href":"http:\/\/schuetzenverein-barver.de\/index.php?rest_route=\/wp\/v2\/pages\/148\/revisions\/777"}],"wp:attachment":[{"href":"http:\/\/schuetzenverein-barver.de\/index.php?rest_route=%2Fwp%2Fv2%2Fmedia&parent=148"}],"curies":[{"name":"wp","href":"https:\/\/api.w.org\/{rel}","templated":true}]}}